s 1 - -112424?
112430
In base 9, what is 1743 - 5?
1737
In base 9, what is 3 - 18?
-15
In base 5, what is -4 + -21?
-30
In base 3, what is -122 - -200200?
200001
In base 9, what is -283 - -4?
-278
In base 7, what is -5 - -230?
222
In base 6, what is 21411 + -3?
21404
In base 16, what is 5 + 3c?
41
In base 9, what is -63 + -33?
-106
In base 12, what is -a8a9 + 5?
-a8a4
In base 4, what is -32 + 12000?
11302
In base 4, what is -2 - -2003?
2001
In base 5, what is -23 - 111?
-134
In base 13, what is -10 - -5?
-8
In base 8, what is 555 + 17?
574
In base 13, what is -2 - 2c?
-31
In base 3, what is 222 + 220?
1212
In base 6, what is 3042 + 2?
3044
In base 12, what is 2 + 32?
34
In base 11, what is -4 - 217?
-220
In base 5, what is -2 + 40034?
40032
In base 9, what is -4 + 44?
40
In base 12, what is -3b2 + -4?
-3b6
In base 11, what is 42 - 18?
25
In base 7, what is 4 - 10150?
-10143
In base 2, what is -1001 + 1111?
110
In base 14, what is -949 + -5?
-950
In base 5, what is -100 - 0?
-100
In base 4, what is -12 + 113?
101
In base 3, what is -1010 + 11010?
10000
In base 13, what is -1 + -b4?
-b5
In base 9, what is -17 + 1?
-16
In base 7, what is -66 + -4?
-103
In base 5, what is -3 - 1030?
-1033
In base 4, what is 10 + -222?
-212
In base 14, what is -1739 - 3?
-173c
In base 8, what is -2 + -66?
-70
In base 10, what is 66 - -4?
70
In base 11, what is -72 - 0?
-72
In base 5, what is -403314 + -4?
-403323
In base 10, what is -27 - -249?
222
In base 13, what is -3c - -1?
-3b
In base 2, what is -10 - 100010011?
-100010101
In base 12, what is -349 + -2?
-34b
In base 6, what is 12 + -2522?
-2510
In base 11, what is -1 - 262?
-263
In base 2, what is 10111 - -10011?
101010
In base 13, what is a6 - 4?
a2
In base 7, what is 23 + 113?
136
In base 4, what is -2 - -1213?
1211
In base 13, what is b + 3?
11
In base 16, what is 69c + 5?
6a1
In base 16, what is -36 - 7?
-3d
In base 15, what is 1 + -b06?
-b05
In base 9, what is 0 - 10268?
-10268
In base 7, what is -35 - -5?
-30
In base 9, what is 23 + -35?
-12
In base 13, what is 3b + 8?
46
In base 12, what is -2211 + -2?
-2213
In base 4, what is 32 + -2320?
-2222
In base 3, what is 1000202 + -11?
1000121
In base 12, what is -1 - 997?
-998
In base 8, what is -5 + 5761?
5754
In base 14, what is -257 - 3?
-25a
In base 9, what is -2 + 1425?
1423
In base 10, what is 2 + 6?
8
In base 11, what is -239 + -82?
-310
In base 11, what is -3 + -23?
-26
In base 15, what is 1a - 11?
9
In base 16, what is -4 + e?
a
In base 14, what is 1935 + -3?
1932
In base 5, what is -1343 + -4?
-1402
In base 5, what is 2323 + 3?
2331
In base 13, what is 9 - 2?
7
In base 9, what is 255 + 0?
255
In base 4, what is -13 - 201?
-220
In base 2, what is 110010101 + 11?
110011000
In base 9, what is -4828 - 3?
-4832
In base 3, what is -200022 - 111?
-200210
In base 11, what is 111 - -3?
114
In base 14, what is -5 - 3d?
-44
In base 8, what is 7 - 64?
-55
In base 4, what is 10223 + 0?
10223
In base 3, what is -12 - 2011?
-2100
In base 3, what is -11 - 1212?
-2000
In base 3, what is -2110 - -11?
-2022
In base 4, what is 111 - 10?
101
In base 13, what is 5 + -158?
-153
In base 8, what is -4 - -305?
301
In base 9, what is 20 + 10?
30
In base 14, what is 4c + 1?
4d
In base 2, what is 11101000 + 101?
11101101
In base 15, what is -52 - 2?
-54
In base 9, what is 12 + 1184?
1206
In base 11, what is 807 - 5?
802
In base 13, what is -2 + -94?
-96
In base 7, what is -1 - -61?
60
In base 12, what is -133 - 0?
-133
In base 7, what is -16224 + 5?
-16216
In base 7, what is 32 - -1000?
1032
In base 12, what is -2576 - -2?
-2574
In base 5, what is 40 - -13?
103
In base 9, what is -666 + -5?
-672
In base 9, what is 0 - -2643?
2643
In base 13, what is -29 - -2?
-27
In base 12, what is 5 + -1019?
-1014
In base 7, what is 333 - 1?
332
In base 9, what is 6 + 83?
100
In base 15, what is 6 - -b3?
b9
In base 16, what is a - 11?
-7
In base 2, what is 10111010 - -1001?
11000011
In base 5, what is 102 - 13?
34
In base 9, what is 17 - -15?
33
In base 15, what is 1 + e?
10
In base 9, what is -53 + -8?
-62
In base 13, what is 3 + 773?
776
In base 5, what is -31 + 143?
112
In base 11, what is -671 + -3?
-674
In base 3, what is -2 + -100201?
-100210
In base 3, what is -11 - 122002?
-122020
In base 2, what is 101010 - -1001?
110011
In base 8, what is -2 - -147?
145
In base 11, what is -16 - -37?
21
In base 7, what is 23031 - -5?
23036
In base 11, what is -3083 - -3?
-3080
In base 9, what is 1 + 45?
46
In base 2, what is -10 - -110110110?
110110100
In base 5, what is 10 + -324?
-314
In base 9, what is 2 + -71?
-68
In base 15, what is -79 + 5?
-74
In base 13, what is 5c + -101?
-72
In base 14, what is -4 - 25?
-29
In base 4, what is 213 - 0?
213
In base 6, what is 23 - -11?
34
In base 12, what is 5 + -22?
-19
In base 8, what is 10 + 225?
235
In base 7, what is -4100 - 3?
-4103
In base 14, what is 264 + -1a?
248
In base 8, what is -141 + -10?
-151
In base 7, what is -5 - 135?
-143
In base 5, what is 3 - 10210?
-10202
In base 16, what is 43 - -5?
48
In base 5, what is -1 - 340?
-341
In base 14, what is 74 - -4?
78
In base 10, what is -138 + 5?
-133
In base 16, what is e45 - 2?
e43
In base 11, what is -372 + -2?
-374
In base 12, what is 1b + 54a?
569
In base 13, what is 0 - 264?
-264
In base 2, what is 101110110110 + 0?
101110110110
In base 6, what is -1112 + -3?
-1115
In base 16, what is c - -13?
1f
In base 13, what is -2 + -145?
-147
In base 11, what is -30 - -12?
-19
In base 7, what is -1 + -50?
-51
In base 8, what is -7 - 170?
-177
In base 7, what is -5 - 15306?
-15314
In base 6, what is -30152 + 5?
-30143
In base 2, what is 10001001001 - -1001?
10001010010
In base 14, what is -10 - 1?
-11
In base 16, what is 71 - -af?
120
In base 9, what is -1 - 22?
-23
In base 15, what is 1d + -8?
15
In base 9, what is 2 - 4266?
-4264
In base 7, what is -2 + 2?
0
In base 12, what is -5 + -39?
-42
In base 12, what is -4 + -1082?
-1086
In base 11, what is -251 + -16?
-267
In base 7, what is -303666 + 3?
-303663
In base 5, what is 2221 + -4?
2212
In base 13, what is 2 + bb?
c0
In base 14, what is -6 + -27?
-2d
In base 2, what is 101 - 11100100?
-11011111
In base 13, what is -1a7 + 14?
-193
In base 10, what is 1 - -610?
611
In base 13, what is 5 + -262?
-25a
In base 11, what is 712 + -2?
710
In base 2, what is 101001001011 - -101?
101001010000
In base 6, what is -343 - 2?
-345
In base 4, what is -10 - -101121?
101111
In base 3, what is -21220 - 1?
-21221
In base 5, what is -11342 + 12?
-11330
In base 16, what is 5 + 1c4?
1c9
In base 3, what is 12 + 111201?
111220
In base 5, what is -210 - 3?
-213
In base 10, what is -5 - 6?
-11
In base 7, what is -1 - -126?
125
In base 9, what is -1610 - -6?
-1603
In base 3, what is 11 + 1?
12
In base 3, what is 2102 + -10?
2022
In base 12, what is -2 + 1274?
1272
In base 3, what is -111021 + 10?
-111011
In base 16, what is -6f + -5?
-74
In base 4, what is 30233 + 3?
30302
In base 13, what is -b + 149?
13b
In base 6, what is -400 - -3?
-353
In base 3, what is 210 - 11?
122
In base 9, what is -332 - 11?
-343
In base 14, what is 232 + -4?
22c
In base 10, what is 112 - 30?
82
In base 16, what is -5 - 9c?
-a1
In base 16, what is 692 + b?
69d
In base 6, what is 1342 - 54?
1244
In base 12, what is -2 - 88b?
-891
In base 14, what is 6a8 - 3?
6a5
In base 2, what is 110110 + -1011?
101011
In base 16, what is -3ad + 5?
-3a8
In base 15, what is 3 - e1?
-dd
In base 10, what is 1 + 48?
49
In base 8, what is -26 - 72?
-120
In base 9, what is -1 - -215?
214
In base 12, what is 7b0 - -2?
7b2
In base 9, what is 0 - -4462?
4462
In base 10, what is 2 - 48?
-46
In base 8, what is 216 - 0?
216
In base 6, what is 4324 - 4?
4320
In base 9, what is -428 - 1?
-430
In base 11, what is 8a6 + 1?
8a7
In base 3, what is 12 + 10212221?
10220010
In base 15, what is 3 + -b?
-8
In base 14, what is -2cb + -3?
-2d0
In base 11, what is 10 + 15?
25
In base 11, what is -228 - 1?
-229
In base 11, what is -3325 - 4?
-3329
In base 2, what is 101 - -1001110101?
1001111010
In base 7, what is -22 - -2205?
2153
In base 16, what is 4 - 43?
-3f
In base 13, what is 5 - -51?
56
In base 3, what is -1 - -1002?
1001
In base 11, what is 4 - 18?
-14
In base 16, what is 1 - 2f?
-2e
In base 15, what is -5 - b98?
-b9d
In base 11, wha